 17 - 39 = -3*c, -c + 24 = -3*l. Let f(j) = j**2 + 9*j + 11. Let n be f(-8). Calculate the highest common factor of c and n.
3
Let p be 16/(0 - (1 - 0)). Let c(x) = -x**3 - 10*x**2 - 19*x - 27. Let q be c(-8). Let j be (76/p)/(q/12). What is the highest common factor of j and 57?
19
Suppose 3*a = -4*p + 19 + 10, 0 = -5*p + a + 41. Suppose -93*x = -86*x - 56. Calculate the highest common divisor of x and p.
8
Let i be 162/8 - (-10)/(-40). Let u = i - 14. Let f(w) = 65*w**2 - w. Let z be f(-1). What is the greatest common divisor of u and z?
6
Suppose 0 = -0*v - 5*v + 30. Let m(r) = -r**3 + 5*r**2 - 3*r + 3. Let s be m(3). Calculate the greatest common divisor of v and s.
6
Let x = 3 + 12. Let t = x - 7. Let g(h) = -h + 9. Let m be g(t). What is the greatest common divisor of m and 1?
1
Suppose -23*k + 188 = -19*k. Let z = k + -31. What is the highest common divisor of z and 176?
16
Let g be 93/5*(-9)/((-63)/35). Let o = 104 - g. Calculate the greatest common divisor of o and 121.
11
Suppose -2*o + 25 = -11. Suppose -13*a - 32 = -11*a. Let c = 70 + a. What is the highest common factor of c and o?
18
Let p(v) = 6*v + 0*v + v + 2*v - 10 - v**2. Let s be p(6). What is the greatest common factor of s and 24?
8
Let t be (-2 - -1) + 3*13. Suppose -358 + t = -5*h. Let m = -2087 - -2103. Calculate the highest common factor of h and m.
16
Let j be (-64)/80 - (-312)/15. Calculate the greatest common factor of j and 1.
1
Let o = 0 + -6. Let g(v) = -v**3 - 2*v**2 + 6*v - 3. Let z be g(o). What is the highest common divisor of 15 and z?
15
Suppose 343 - 79 = 8*q. What is the highest common factor of 132 and q?
33
Suppose -16*o + 1041 = -1071. Let w = -6 + o. Calculate the greatest common divisor of w and 14.
14
Let t(g) = -3*g + 0*g**2 + 9 + 6*g + g**3 + 6*g**2 + g. Let c be t(-3). What is the highest common factor of c and 60?
12
Suppose -4*j + 0*j = 5*q - 617, -633 = -5*q + 4*j. Let s = -104 + q. What is the highest common factor of s and 3?
3
Let y be 7*27/(-63) - (3 + -20 - 3). Let r(q) = -34*q. Let z be r(-3). What is the greatest common divisor of z and y?
17
Let s(l) = 55*l + 4. Let g be s(5). Let a be ((-4)/12)/((-3)/(g - 0)). What is the greatest common divisor of 31 and a?
31
Let x be 1/2*21 - 3/(-6). What is the greatest common divisor of x and 374?
11
Suppose -11 - 24 = -l. Suppose 117*j - 118*j + 3*a = -22, a - 2 = 0. What is the highest common factor of j and l?
7
Suppose -p - p - 10 = 0. Let w be (p - -2)*29*1. Let z = w - -152. What is the highest common factor of 26 and z?
13
Let a(v) = v**3 - v**2 - 10*v + 20. Let d be a(6). Suppose 0 = -4*q - 2*z + 86, 5*z + 36 = 4*q - 29. What is the greatest common factor of q and d?
20
Suppose -66*a + 25*a + 1230 = 0. Calculate the greatest common factor of 270 and a.
30
Let l = 111 + -62. Suppose 6 = 4*u + a, -5*u - 3*a + 20 = -8*a. Suppose 2*q - 24 = -5*n, -2*n + 2 = -u. Calculate the greatest common factor of q and l.
7
Let a(q) = -2*q + 2 + 9*q + q**2 + 3*q. Let w be a(-10). Suppose u = w*u - 8. What is the highest common divisor of 16 and u?
8
Suppose 3*q - 109 + 37 = -3*p, 5*q - 5 = 0. Calculate the highest common divisor of 253 and p.
23
Suppose 287*p - 273*p = 4060. Calculate the highest common factor of 10 and p.
10
Suppose 6*m - 15*m = -4059. Calculate the greatest common divisor of 82 and m.
41
Let q(a) = a**2 + 8*a - 13. Let m be 6/(-21) + 82/(-7). Let u be q(m). Calculate the greatest common factor of 7 and u.
7
Let r = 121 - 83. Suppose 2*u - r = 4*y, -3*u - 2 = 3*y - 104. Calculate the highest common divisor of 203 and u.
29
Let h(s) = -2*s + 19. Let f be h(7). Suppose 5*d + 90 = 5*z, f*d - 4 + 52 = 2*z. Calculate the highest common factor of 35 and z.
7
Suppose -5*b + 9 = -2*b. Let j = 24 + 31. Let v = j + -28. What is the greatest common divisor of v and b?
3
Let r(v) = -2*v**3 + 4*v**2 + 2. Let p be r(2). Suppose 3*j - 4*a = -a + 30, -p*a = j - 1. Calculate the highest common factor of 7 and j.
7
Suppose -4*a + 3*a + 6 = 0. Suppose -10*s + a*s = -260. Calculate the highest common divisor of s and 13.
13
Let l(g) = -g**3 + 12*g**2 - 2*g + 16. Let n be l(12). Let r = -6 - n. Let a be 7 + (5 + -1 - r). Calculate the highest common divisor of 81 and a.
9
Let q be (2 - 2*-1) + -1. Suppose -99 = -3*y - 5*b, -3*b = -y - 2*y + 75. Let z = y - 25. Calculate the highest common divisor of q and z.
3
Let y be 68/((-9)/42*(-4)/6). What is the highest common divisor of y and 34?
34
Let u be (4 + -1)*4/((-24)/(-14)). Suppose 0 = u*c + 11*c - 216. Calculate the greatest common divisor of 78 and c.
6
Let g(u) be the second derivative of -u**5/20 + u**4/3 + 5*u**3/6 - 3*u**2/2 + 8*u. Let k be g(4). Calculate the greatest common factor of 34 and k.
17
Suppose -c + 0*c = 2, -325 = -3*l + 5*c. What is the greatest common factor of 21 and l?
21
Suppose 0 = 5*j - 2*m - 12158, 3*j = 14*m - 13*m + 7294. What is the highest common divisor of j and 10?
10
Suppose 9 = 14*z - 13*z. Let n = 11 - z. Suppose 5*o - 32 = -4*t, -4*o = -6*t + n*t - 4. What is the greatest common factor of o and 4?
4
Suppose 2*v + 415 = -3*v. Let b = -48 - v. Suppose 8*c = 30*c - 308. Calculate the highest common factor of b and c.
7
Suppose -3*l + 35 = -4. What is the highest common factor of 13 and l?
13
Suppose 2*b - 6891 = -3*v + 4753, -3900 = -v + 4*b. Let c be 3/(-4 - v/(-968)). What is the highest common factor of c and 22?
22
Let m(q) = 15*q**3 + q - 2. Let d = -90 + 91. Let o be m(d). Calculate the highest common divisor of 21 and o.
7
Let o = -347 + 395. Calculate the highest common divisor of o and 6.
6
Suppose -10*q + 252 = -8*q. Let b(j) = j**2 + 2*j - 6. Let n be b(6). Calculate the highest common divisor of n and q.
42
Let o be (1 - -2) + -1 - (-45)/(-45). What is the highest common divisor of 9 and o?
1
Suppose -2*x = -5*j - 1 + 15, -12 = -3*j. What is the greatest common factor of 1 and x?
1
Let z = 93 - 92. Calculate the greatest common factor of 27 and z.
1
Let q = 32 - 19. Suppose 3*i = b - 67, -285 = -5*b + 17*i - 12*i. Calculate the highest common divisor of q and b.
13
Let l be 13 + (2 - -2) + -7. Suppose -5*n + l = -5. Suppose n*d + z + 2*z = 27, -d = -z - 11. What is the highest common divisor of 15 and d?
5
Let j be -1 + -4 + 14 + -4. Let l be 4/j*(3 - -12). Let o(w) = w + 8. Let d be o(-5). Calculate the highest common divisor of d and l.
3
Let i be (1 - -1) + (-88)/(-2). Suppose 0 = 38*y - 1768 - 2602. Calculate the greatest common factor of i and y.
23
Suppose -5*a + 5*l - 39 - 131 = 0, -121 = 4*a - l. Let n = -17 - a. What is the greatest common factor of n and 3?
3
Suppose 0 = -4*t + 3*t - 2. Let w(z) = 6*z**2 + 3*z. Let q be w(t). Calculate the greatest common divisor of q and 3.
3
Let i = -746 + 774. What is the highest common divisor of 700 and i?
28
Suppose -2*x + 8 = 2*c, 2*c - x = -0*c - 4. Let t(k) = k**3 - k**2 + k + 54. Let p be t(c). What is the highest common factor of 36 and p?
18
Suppose 4*n + 4*u - 944 = 0, -5*n + 1194 = 5*u - 7*u. What is the greatest common factor of n and 14?
14
Let x = 69 - 35. Let t = 9 + -6. Suppose -v = t*k - 5*v - 51, 0 = -v. What is the highest common divisor of x and k?
17
Suppose -4*t - 60 = -300. Suppose 3*h + 3*a - 8*a = 45, 4*h + 2*a = t. What is the highest common factor of 3 and h?
3
Let u be -4 + 49 - 0/(-1). Let g be (u/60)/(2/384). Let m be (-2)/(-8) - (-142)/8. What is the highest common factor of m and g?
18
Let d(n) = 10*n + 3. Let q be d(4). Let b = q - 21. Let x be 86 - (3 - 2) - -3. Calculate the greatest common divisor of b and x.
22
Let b = 9 - 7. Suppose 2*t + b = 3*u, 0 = -4*t - 9*u + 4*u + 40. Let s be (-13)/(-3) + t/(-15). What is the greatest common factor of 2 and s?
2
Let b be (6 - 60)*(-2)/6. Let f(g) = 11*g**2 + g - 1. Let n be f(2). What is the greatest common factor of n and b?
9
Let g be -1 + 17 + 0 + 4. Suppose -5*t = -5*v + g, -4*v + 0*v = 5*t - 25. What is the greatest common divisor of 3 and t?
1
Let m be (-8)/14 - (-8236)/497. What is the greatest common factor of m and 240?
16
Suppose 29*o - 609 + 174 = 0. What is the highest common divisor of o and 95?
5
Let m = 28 - 8. Let d be 2*(m/(-5) + 11). Calculate the greatest common divisor of 42 and d.
14
Let m(a) = a**3 + 1. Let x(t) = 5*t**3 + t**2 - 2*t. Let s(h) = 4*m(h) - x(h). L